
54
Suppose 26 = 4*n - 2*n. Suppose 0 - 188 = t. Let x = t + 201. Calculate the greatest common divisor of x and n.
13
Suppose -4*j - 309*n = -312*n - 76, -5*n + 19 = j. What is the highest common divisor of 2831 and j?
19
Let u be (-3 - 48/(-10))/((-3)/(-165)). Suppose -u + 1074 = 25*n. What is the greatest common divisor of 6 and n?
3
Let c be (-908)/(-26) - ((-15878)/(-442) + -36). What is the highest common factor of c and 15295?
35
Suppose 16986 - 17461 = -25*b. What is the highest common factor of b and 2090?
19
Let m(l) = 2*l**3 - 17*l**2 + 28*l + 9. Let a be m(7). Suppose 2280 = a*h - 28*h. What is the highest common divisor of h and 418?
38
Let l(c) = 26*c - 12. Let s be l(6). Let z = -2463 - -2481. Calculate the greatest common divisor of z and s.
18
Let p = -2570 - -6548. What is the greatest common factor of 2340 and p?
234
Let c be 6/15*1 + (-2976)/(-60) + 13. Calculate the highest common factor of c and 1057.
7
Let n be ((-8)/28)/(5/(-35)). Suppose -3*h + 1480 + 344 = 3*f, -n*f = -h - 1228. Suppose 15*u = 6*u + f. What is the highest common divisor of u and 34?
34
Let v be ((-1)/(-2) - 2)/((-24)/13760). What is the greatest common factor of v and 80?
20
Let s = 17425 - 16564. What is the greatest common divisor of 42 and s?
21
Suppose 6910 = 3*f + 2*s, 5*f - 6*s = -3*s + 11485. What is the greatest common divisor of f and 800?
100
Let l = -5055 + 5290. What is the greatest common divisor of l and 40655?
235
Let h be (-3)/(102/4) + (-8448)/2176 - -668. Calculate the greatest common divisor of 152 and h.
8
Let o be ((-72)/(-16) - 6)*-18. Calculate the highest common divisor of o and 141.
3
Suppose 2*j + 83 = 4*f - 127, 3*j - 63 = -f. Suppose -574*r + 840 + 780 = -559*r. What is the highest common factor of r and f?
54
Let g = 52 - 17. Let m = g - 33. Suppose 0 = c, 500 = 4*j + j + m*c. Calculate the greatest common factor of j and 40.
20
Let a = 352 + -330. Let q(z) = 3*z + 129. Let t be q(-10). Calculate the highest common divisor of a and t.
11
Let k be 1 - 164*(12/4)/6. Let t be k*30/(-55) - (-2)/(-11). What is the greatest common factor of 88 and t?
44
Let j(o) = o**2 - 63*o - 4818. Let y be j(-45). Suppose 3*k + 2*u - 94 = 0, u + 4 = 6. Calculate the highest common factor of y and k.
6
Suppose -n = -s + 97, -3*s + 126 = 3*n - 147. What is the greatest common divisor of s and 18?
2
Let y = -279 + 280. Let l(h) = 231*h**3 + 2*h**2 - 5*h + 4. Let o be l(y). Calculate the greatest common factor of o and 8.
8
Suppose 10*z = 9*z + 2*h + 818, -h + 839 = z. Calculate the greatest common divisor of z and 104.
104
Let c = -227 + 48. Let d = -161 - c. What is the highest common divisor of 6 and d?
6
Suppose -2*k + 391 = 121. Suppose k = -311*c + 314*c. Calculate the greatest common divisor of c and 18.
9
Suppose 6*w + 4*g = 3*g + 197, 4*g - 20 = 0. Let v(y) = 7*y**2 - y + 4. Let p be v(4). What is the highest common divisor of w and p?
16
Suppose -5*w = -4*f + 2665 - 9269, 5*w - 6596 = -4*f. What is the greatest common factor of w and 10?
10
Let k be -7 + (2 - -732 - -4). Let v = 1030 - k. What is the greatest common divisor of v and 13?
13
Let r = -29862 + 29921. What is the highest common divisor of r and 10679?
59
Let c(v) = v**3 + 6*v**2 - 6*v - 4. Let r be c(-5). Suppose -6421 = -54*x - 5503. What is the highest common factor of r and x?
17
Suppose -88*f + 94*f - 558 = 0. Suppose 22*n + f = 25*n. What is the greatest common divisor of n and 2?
1
Suppose 72*l - 40265 - 30115 - 684 = 0. Calculate the highest common divisor of l and 147.
21
Let q(l) = 2*l**3 + 64*l**2 - 10*l - 96. Let v be q(-32). Calculate the greatest common divisor of v and 448.
224
Let l be -3 + 0 + (0 - -6). Suppose 2*i = l*i. Let k be -15*(0 + -3 + i). What is the greatest common factor of k and 9?
9
Suppose 3*v - 3*s + 3 = -0*s, 3*v = 4*s + 1. Let y(r) = -2*r**3 - 8*r**2 - 4*r - 4. Let f be y(v). What is the greatest common factor of 6 and f?
6
Let t = 629 + -201. Calculate the greatest common factor of t and 7490.
214
Suppose o - 2*v = 441, 5*o - 2*o = 4*v + 1333. Suppose -4*c + o = -l, 93 + 16 = c + l. Calculate the highest common divisor of 28 and c.
28
Suppose u = -4*y + 15, 2*u + 25 = -3*u. Suppose -205 = 3*i - y*k, -3*i - 3*k = -5*k + 190. Let s = -54 - i. What is the highest common factor of 24 and s?
6
Suppose 11*c - 83005 - 2101 = 430. What is the highest common factor of c and 16?
16
Let t be (-1)/(-4) + 25/(-4) + 2. Let w be 5/(-2)*(13 + -5)/t. Suppose 0 = 4*m + w*m - 45. Calculate the highest common divisor of m and 80.
5
Suppose 0 = 2*m + 238 - 670. Suppose 0 = 6*q + 3*q - m. Suppose 3*k = 4*k - 3. What is the highest common divisor of q and k?
3
Suppose -1758 = 15*j - 2298. What is the greatest common divisor of j and 3750?
6
Let m(j) = j**2 - 158*j + 4241. Let v be m(125). Calculate the highest common factor of v and 2001.
29
Suppose 3*x + 2*t = 3524, -6*x - 5*t - 1186 = -7*x. What is the highest common divisor of 224 and x?
56
Let o be -1 - 9/((-4)/40*2). Let w = -26 - -28. Let k(y) = 53*y + 4. Let u be k(w). What is the highest common factor of o and u?
22
Suppose 0 = -8*n + 2*c + 46, 12*n - 17*n + 29 = -c. What is the greatest common divisor of n and 1125?
3
Suppose 28 = 5*m + 2*m. Let i be 15/m*3*(-512)/(-64). Calculate the highest common factor of 10 and i.
10
Suppose 4*c - 254 = 5*h, 0*c - 4*c + 256 = -4*h. Suppose -371*d + c = -368*d. Calculate the highest common divisor of d and 682.
22
Suppose 0*j - 5*w - 2395 = -5*j, 0 = 2*j + 2*w - 942. Calculate the greatest common factor of j and 25.
25
Let r(f) = 75*f + 393. Let k be r(-3). What is the greatest common factor of 1995 and k?
21
Let q(l) = 9*l + 3 + l - 2*l + 2*l**2. Let b(g) = g**3 - 53*g**2 + 57*g - 265. Let k be b(52). Let a be q(k). Calculate the greatest common factor of a and 117.
13
Suppose 5*q = 4*s + 192, 154*q - 129 = 150*q - 5*s. Let k = 31 + 29. What is the highest common divisor of k and q?
12
Let c = 101 - 71. Let l = 66 + -61. Suppose 4*f - 3*r = 1077, l*f - 267 = 4*f + 3*r. What is the highest common factor of f and c?
30
Let b(p) = 3*p + 71. Let j be b(21). Calculate the highest common divisor of j and 1474.
134
Let a = 136 + 101. Let o = 411 - a. Let b be (8/12)/(1/o). What is the highest common divisor of b and 29?
29
Suppose 0 = 3*r - 2*u - 10330 - 12767, 2*r - 15409 = 5*u. What is the greatest common divisor of r and 43?
43
Suppose d = 3*v - 3*d - 68, -25 = 5*d. Let y be (-26412)/(-3834) - (-10)/9. What is the highest common divisor of y and v?
8
Suppose -4 = -18*n - 40. Let c be ((75 - 11)/(-4))/(n/5). What is the greatest common divisor of c and 50?
10
Let h(g) = 3*g**2 + 39*g + 120. Let n be h(-14). What is the highest common divisor of n and 5886?
54
Let f = -253 + 278. Let p be (-36)/(-20)*(9 - -1). Let m be 184/18 + (-4)/p. Calculate the highest common divisor of m and f.
5
Let h(g) = -550*g - 12545. Let m be h(-23). Let p = -110 - -170. Calculate the greatest common factor of m and p.
15
Let l = -43 - -53. Let p = 21 + -9. Let v be (1 + p/(-8))*-4. Calculate the highest common divisor of l and v.
2
Suppose 90 = 25*u - 16*u. What is the highest common factor of 10630 and u?
10
Let t be 241/5 - (-3)/(-15). Suppose -12*j = 4*j - 1472 - 256. Calculate the highest common factor of t and j.
12
Suppose -5*i = 4*q - 31, i + 2*i - 33 = -4*q. Suppose -q*k = 16 - 124. What is the greatest common divisor of k and 48?
12
Let h = -659 - -686. Calculate the greatest common divisor of h and 513.
27
Let p = 3320 + -3301. What is the greatest common divisor of p and 6992?
19
Let z = -321 + 330. Let s be 1 + (-11)/z - (-58333)/99. What is the highest common divisor of 31 and s?
31
Suppose -50 = 10*r - 340. Suppose r*z - 26*z = -1113. Let s be z*(1 + 39/(-21)). Calculate the highest common factor of 53 and s.
53
Suppose r = 3*r + 3*p + 13, 2*p + 7 = -3*r. Let f be -4*14*(-2 + r). Suppose 1340 + 739 = 219*t + 78*t. Calculate the greatest common factor of t and f.
7
Let c = 27 - -37. Suppose 22*p - 160 = 17*p. What is the highest common factor of c and p?
32
Suppose -c + 2*c = -2*m + 241, m - c = 128. Suppose -3*a = 2*a + 2*w - 129, 5*a - w = m. Let t = -5 + a. What is the highest common factor of t and 8?
4
Let y(f) = -f**3 - f**2 + 14*f + 2. Let t be y(-5). Suppose -949 = -